-2*n + 2*q + 85 = 5*q, -b*q + 176 = 4*n. What are the prime factors of n?
47
Suppose 46*c - 71*c + 106550 = 0. What are the prime factors of c?
2, 2131
Let s = -2509 - -4907. What are the prime factors of s?
2, 11, 109
Let r(l) = 3*l**2 - l**3 + 2*l + 4 + 2*l**2 + 3*l. What are the prime factors of r(5)?
29
Suppose b = x + 603, 2*x - 3*x = 3*b - 1825. List the prime factors of b.
607
Suppose -f + 3 = 1. Let j(v) = 30*v - 2. List the prime factors of j(f).
2, 29
What are the prime factors of ((-7516)/(-12))/((-3)/(-9))?
1879
Let l(j) = j**2 + 21*j - 70. Let w be l(-24). Suppose 2*q - 335 = -0*q + c, -4*c - 326 = -w*q. What are the prime factors of q?
13
Suppose 4*i + 4 = 5*i. Let s(t) = -t**3 + 4*t**2 + 4*t - 5. Let k be s(i). List the prime factors of k/(-3 + (-20)/(-6)).
3, 11
Let g = -3219 + 5924. List the prime factors of g.
5, 541
Suppose -8 - 2 = -2*j. Suppose 4*p - 35 = 5*m, -3*p - j*m + 6 + 29 = 0. Let k = p - -5. List the prime factors of k.
3, 5
What are the prime factors of (-6482)/(-9) + (-84)/378?
2, 3, 5
Suppose 0 = -5*h - 2*a - 35, -h + a = 4*h + 20. Suppose -6*n - 5 = -7*n, -3*n = -2*m - 9. What are the prime factors of m - h*(-6)/(-2)?
2, 3
Suppose 14 + 6 = -5*k, -w = -2*k - 150. Let g = 251 - w. List the prime factors of g.
109
Let r = 3781 + 145. Suppose -k - 12*k = -r. What are the prime factors of k?
2, 151
Suppose 5*p + 4*d + 35 = 0, -d = 5*p - 0*d + 50. Let s = 3 - 6. Let h = s - p. List the prime factors of h.
2
Let j = -8 + 79. Suppose 5*o + 215 = -2*k, 82*o + 43 = 81*o + 5*k. Let s = j + o. List the prime factors of s.
2, 7
Suppose 0 = 3*j - 1069 + 100. List the prime factors of j.
17, 19
Let u(i) = i**3 - i**2 - 3*i - 4. Let f be u(3). Suppose 12*q - 13*q + f = 0. Let s = 1 + q. List the prime factors of s.
2, 3
Let h(v) = 72*v**2 + 5*v - 5. What are the prime factors of h(6)?
2617
What are the prime factors of (2 + 168)*6/3?
2, 5, 17
Let j(s) = s**3 - 7*s**2 + 9*s - 6. Let z be j(6). Let k be (9/(-3) - -6) + z. Suppose 5*t - k = 5*u, 3*u - 19 = -5*t + 4*u. What are the prime factors of t?
2
Suppose 293 = 2*n - 5*o, 5*n - 205 = -4*o + 610. Let f = n - 61. List the prime factors of f.
2, 7
Let t(x) = x + 6. Let v be t(-3). Suppose -3*q = -3 - v. Suppose -h + 15 = 2*s, s - q*h + 23 = 4*s. List the prime factors of s.
7
Suppose -329*h - 10140 = -331*h. What are the prime factors of h?
2, 3, 5, 13
Let z be (8/6)/(1/3). Suppose -2*h = -2*l + 5*l - 2, 2*l - 16 = -5*h. Suppose i = 2*p - 72, h*p - 2*p = -z*i + 92. What are the prime factors of p?
2, 19
Let p(n) = n + 11. Let x be (-40)/3 - (-8)/24. Let c be p(x). What are the prime factors of c/2*-8*2?
2
Let b(v) = -8*v + 38. Let n be b(6). List the prime factors of 638/2 + n/(-5) - -2.
17, 19
List the prime factors of 7 + (-2 + 9 - -933).
947
Suppose 4*k + h - 108 = 0, h + 80 = 3*k + 2*h. Let b = -19 + 5. Let u = b + k. What are the prime factors of u?
2, 7
List the prime factors of 870/(-4)*(6 + 280/(-30)).
5, 29
Suppose 24 = 2*h + 2*t - 4880, t + 12272 = 5*h. What are the prime factors of h?
2, 3, 409
List the prime factors of 92*10 - 2 - 0/(-4).
2, 3, 17
Suppose 6241 = 8*c - 1423. List the prime factors of c.
2, 479
Suppose d - 6 = -3. Suppose 0 = -d*y + 285 + 231. Suppose 4*b + 29 - y = 5*i, 0 = -4*b - i + 173. List the prime factors of b.
2, 3, 7
Suppose 1614 = 5*u - 4*c - 421, 4*u - 5*c - 1628 = 0. List the prime factors of u.
11, 37
Suppose 4*s - 80 = -d, -3*s + 4*s + 4*d = 20. List the prime factors of 372/s + (-6)/(-15).
19
What are the prime factors of 228 + 2 + (-7)/7?
229
Suppose 3*h = -3*c - 2*c + 1114, -4*c = -h + 377. List the prime factors of h.
373
Let g = -185 + 69. Let l = -7 - g. What are the prime factors of l?
109
Suppose 5 - 3 = a. Let c be (-1)/a + (-3)/(-6). Let q = c - -18. List the prime factors of q.
2, 3
Suppose 4*f - 3*d = 172 + 524, -3*f = 3*d - 543. What are the prime factors of f?
3, 59
Let o be -6*2 + 9/3. Let h = 9 + o. List the prime factors of 1 + -1 - -7 - h.
7
Let j be (-2 + (-4)/(-3))/(3/(-54)). List the prime factors of (6/j)/((-1)/(-134)) + 1.
2, 17
Let n = -26 + -7. Let h = n - -35. What are the prime factors of h?
2
List the prime factors of 860/(-6)*(-5)/((-100)/(-24)).
2, 43
Let x(i) = 3*i**2 - 20*i**3 - 20 + 19*i**3 - 6*i - 21*i**2. What are the prime factors of x(-18)?
2, 11
Suppose -9*b + 212 = -5*b. Suppose -10*x + b + 67 = 0. What are the prime factors of x?
2, 3
Suppose -3*r + 121 = q - 158, -5*r + 1151 = 4*q. List the prime factors of q.
2, 3, 7
Let f(k) = -k**3 - k**2 + 6*k + 10. What are the prime factors of f(-6)?
2, 7, 11
Let l = -15 + 8. Let s(t) be the second derivative of -t**5/20 - 2*t**4/3 - 7*t**3/6 + 3*t**2 - 5*t. List the prime factors of s(l).
2, 3
What are the prime factors of -3 + 1033 - 14/7?
2, 257
Let u = -182 - -271. Let i(l) = -26*l + 1. Let x be i(-5). Suppose -5*k = -x - u. List the prime factors of k.
2, 11
Let p(t) = 1. Let k(z) = -28*z - 17. Let i(d) = -k(d) - 2*p(d). List the prime factors of i(6).
3, 61
Let l = -242 + 438. What are the prime factors of l?
2, 7
Let u(j) = 9*j**2 + 14*j - 3*j + 9 - 6*j**2 + 1. What are the prime factors of u(-7)?
2, 5
Suppose -2674 = -25*y - 974. What are the prime factors of y?
2, 17
Let s = -95 + 124. List the prime factors of s.
29
Let z(r) be the second derivative of 3*r**3/2 + 5*r**2 - 12*r. What are the prime factors of z(3)?
37
Let f(i) = i - 7. Let n be f(5). Let l = n + 29. What are the prime factors of l?
3
Let i(v) = -v**3 + 18*v**2 - 28*v. What are the prime factors of i(11)?
7, 11
Suppose 2*x = 3*s - 3, 10*x + 4 = 5*s + 7*x. What are the prime factors of s + 449/3 + (-7)/(-21)?
149
Suppose 8176 = -15*m + 18*m + 5*x, 4*m - 5*x = 10843. What are the prime factors of m?
11, 13, 19
Let i = 834 - 502. What are the prime factors of i?
2, 83
Let l(n) = 10*n**3 + n - 1. Let k be l(1). Let u(q) be the third derivative of -q**5/60 + 13*q**4/24 - 11*q**3/6 - 72*q**2. List the prime factors of u(k).
19
What are the prime factors of (-2198)/(-6) + 58/(-174)?
2, 3, 61
Suppose 0 = 3*o - 3*u - 4254, 2281 = o + 2*u + 860. What are the prime factors of o?
3, 11, 43
Let z = 277 + -208. What are the prime factors of z?
3, 23
Suppose 330 = 3*w + 3*k, -3*w + 2*k + 356 = 1. Suppose -4*g + 216 = -2*u, -g + u + 47 = -3*u. Let c = w - g. What are the prime factors of c?
2, 3, 5
Suppose 3*a + 4*a = 2247. Suppose -5*s + a = 3*y + 83, -2*y - s + 147 = 0. What are the prime factors of y?
71
Let f = 48 + -87. What are the prime factors of f/(-3 + 4 + 14/(-8))?
2, 13
Suppose 3*s + 6 = 4*s. Let n(i) = -21*i + 132. Let c be n(6). List the prime factors of 272/c + s/9.
2, 23
Suppose -3*f + 5 = 2*f. Let k be -4 - f*(0 - -23). Let j = 62 + k. List the prime factors of j.
5, 7
Let d = -2387 + 2494. What are the prime factors of d?
107
Let u be (-9)/6*(-2 + 0). Let k(m) = 8 + u - 10 + m + 7. What are the prime factors of k(7)?
3, 5
Let r = 1295 - 1227. What are the prime factors of r?
2, 17
Let y = 9 - 5. Suppose 145 = y*n - 23. List the prime factors of n.
2, 3, 7
Let z(j) be the third derivative of j**6/180 - j**5/30 + j**4/6 + j**2. Let w(c) be the second derivative of z(c). List the prime factors of w(6).
2, 5
Suppose -819 = -l - 163. What are the prime factors of l?
2, 41
Let f be 15/(-20) + (-556)/(-16). Let h = 38 - f. What are the prime factors of h?
2
What are the prime factors of 4 + 1385/3 + 4/12?
2, 233
Let o(m) = 2*m - 2. Let i(u) = 7*u - 7. Let q(r) = 6*i(r) - 22*o(r). Let d be q(-4). Suppose -d*p + 6*p + 136 = 0. List the prime factors of p.
2, 17
Let o(u) = -u**2 - 8*u + 12. Let d be o(-9). Let s(y) = 3*y**3 - 3*y**2 + 2*y + 3. What are the prime factors of s(d)?
3, 7
Let r be (-1)/((0 - 1)*1). Let d be (28/(-7))/(r/(-5)). List the prime factors of 6/2 - d/(-2).
13
Let d = -332 + 889. List the prime factors of d.
557
Let u = 41 - 45. What are the prime factors of 1/u - 0 - (-133)/4?
3, 11
Suppose y = -2 - 1, -2*u - 3*y - 5 = 0. Suppose -23 = -t - u*i, 79 = 4*t - t - 4*i. List the prime factors of t.
5
Let q(w) = -4*w**3 - 11*w**2 - 6*w + 37. What are the prime factors of q(-6)?
541
Let b(f) = 13*f - 7. Let o = 25 - 19. List the prime factors of b(o).
71
Let h(p) = p**2 - 19*p + 13. Let s be h(19). List the prime factors of (26/s)/((-2)/(-49)).
7
Let q = -62 + 62. What a